- ((1 - -6) + -35 + 20 + (-19 - -15)).
105
Evaluate -15 - 1 - (-4 + -3 - (-49 + 56) - 35).
33
53 - (-5 + 20 + -1) - 5
34
Calculate 138 - (16 - (19 - 95)).
46
What is the value of 48 - (18 + 54 + -18)?
-6
Calculate -7 + 1 - 6 - (-30 + -10 + 55).
-27
Evaluate 2 + -3 + 29 + (-220 - 29) + 261.
40
What is -15 + (22 - (10 + 13)) + -84 - (0 - -1)?
-101
What is -58 + (0 - 2) - (-7 + 69 - 77)?
-45
-13 - (-9 - (6 - (-12 - -6)))
8
Evaluate -20 + (-16 - -11 - ((-15 - -3) + 2)) - -1.
-14
Calculate (103 - 120 - (1 + 0)) + 33.
15
What is the value of 3028 + -2958 - (54 - 1)?
17
What is the value of (-84 - (-191 + 117)) + -3 + -47?
-60
-5 - -12 - (-46 - -43) - (-2 + 10)
2
What is the value of -55 - 0 - -14 - -85?
44
Calculate -119 + 23 + -31 + 86.
-41
What is 8 + (-22 - (-17 + -3)) - (-2 + -16)?
24
10 + (4 - (-6 - -2 - 5) - -7)
30
Evaluate -55 - (-16 + -24) - (-1 - -2 - (55 - 1)).
38
What is the value of -34 - -10 - (-62 + 84) - -32?
-14
What is the value of (-132 - (-4 - 59)) + (-1 - (10 + 1))?
-81
What is the value of (-87 - (-211 - 115)) + -144?
95
(66 - (49 + 10)) + (0 - (-3 - -1))
9
Calculate -14 + (23 - (12 + -2 + 1)) - -34.
32
What is the value of -23 - (-8 + 1) - (-98 - -37)?
45
What is -56 + 1 + (80 - 23)?
2
Calculate (-96 - -70 - -4) + (81 - (4 + -9)).
64
What is -13 + -10 - (-17 + (-1 - -18))?
-23
Evaluate (137 - 115) + -76 + 16.
-38
Evaluate (-111 - -58 - 9) + 71.
9
What is the value of -1 - 11 - (3 + (15 - (5 - -4) - 9))?
-12
(-26 - (5 - (12 + 27))) + (0 - 0)
8
What is the value of 13 - (-88 + 94 + (-1 - 4))?
12
Calculate 44 - 2 - (-244 + 297).
-11
Evaluate (11 + -5 - 9) + -6 - 1 - (1 - 0).
-11
Evaluate 1 + -79 + 55 - (2 + -65).
40
Evaluate 109 - 90 - (-5 + 1 + -5).
28
Evaluate -443 + 400 + (3 - ((2 - 4) + 2)).
-40
Calculate 12 + (1 - 5) + (9 - (79 + -26)).
-36
Calculate (2 - 4 - -4) + (-1064 - -1009) - -1.
-52
What is the value of (16 + -30 + 15 - 27 - -11) + 44?
29
Evaluate 1 - -6 - (3 + (4 - -26) + -27).
1
What is the value of -79 + -8 - -186 - ((1 - -3) + 8)?
87
What is the value of (11 - 17) + -8 - -4 - (-47 + -1)?
38
Evaluate 37 - 18 - -27 - 65.
-19
Evaluate 39 + (86 + 1 - 97).
29
Evaluate -8 + 14 + (346 + -414 - (0 + 15)).
-77
What is (123 - (179 - 66)) + -107?
-97
Evaluate 52 - (-160 - -70 - -56).
86
Calculate -60 - (-70 - -53 - -8 - (-23 - -2)).
-72
Evaluate -1672 + 1673 + (-8 - -3 - -3) + (2 - -1).
2
What is 1 + -31 + (-20 - 1 - (-252 - -243))?
-42
Evaluate (19 - 0) + -61 + (48 - 28).
-22
69 - (35 + 79) - -154
109
Calculate 0 - ((2 - 0) + 9 - (11 + -9 - -10)).
1
What is the value of (-39 - -40) + (-117 + 143 - (-1 + 18))?
10
-6 + 21 + 2 + (-56 + 18 - -46)
25
Evaluate 1 + 3 + 52 + 21 + 2 + -10.
69
Calculate -23 + -92 + 115 + (-4 - 19).
-23
-58 - -117 - (-10 - -66)
3
What is 11 + (119 + 24 - (-22 + 11 - -25)) + -7?
133
49 + 1 + (-16 - -14 - (-5 + 22))
31
(-17 + 31 - 23) + 8 - (108 - (3 + 0))
-106
Evaluate 11 + -159 - -94 - -185.
131
Evaluate (1 - 2) + (-42 + 46 - -5) - 6.
2
What is 18 + 0 - (19 + (22 - -12))?
-35
What is the value of 2 - 40 - 2 - (-326 + 342)?
-56
What is the value of 1 - -26 - (22 + -6 + 1 - 3)?
13
What is the value of 112 + -24 - 8 - (8 - (5 + -11))?
66
2 + -9 + (21 - (-3 - -24)) + 50
43
What is the value of 1014 + -1030 - (-4 + 1 + 17)?
-30
What is -86 + -85 + 177 + -63?
-57
Evaluate -46 + 52 - (-10 - -35).
-19
What is (5 - 44) + (-61 - (-83 - 124))?
107
Calculate -2344 + 2350 + -2 + -1 + (2 - 5).
0
What is 150 + -242 + (7 - (2 + -5)) + 5?
-77
What is the value of (-17 + 29 - -44 - 8) + 11?
59
What is the value of (-92 - (-13 - 39)) + 77?
37
What is the value of -37 - (-1 + 39) - -84 - (25 + (-1 - 0))?
-15
What is the value of 97 - ((112 - 69) + -20 + -17 + -1)?
92
(2 - 0) + 23 + 93 + 0 + (20 - 35)
103
Evaluate -10 + -47 + 59 + 42.
44
Calculate (12 - (22 + -18)) + -37 + -21.
-50
2 - -23 - (-100 - (133 - 335))
-77
What is the value of 11 - (-23 - -50 - 6) - (2 + -70 - 0)?
58
What is 33 + (-65 - -26) - (14 - 94)?
74
0 - -4 - 8 - -12 - 36 - 1
-29
What is 12 - (27 - 97) - (19 + (9 - 18) - 18)?
90
-21 + (65 - 13) - (-15 + 11)
35
Evaluate 124 + (99 - 48 - 68).
107
Evaluate -78 - -3 - (-210 + 161).
-26
Evaluate -19 - (19 - (-17 + 14 + -8 - 17)).
-66
Evaluate 18 - (-17 + 0 + (564 - 550)).
21
What is (-32 - (-18 - -17)) + 12 - -30?
11
Calculate 3 + (2 + 13 - (-8 + 7)).
19
Evaluate 65 + (60 - (49 - -48)).
28
Evaluate 1 - (-3 + -5) - (14 + (13 - 35) + 7).
10
What is the value of (-9 + 7 - 13) + -3 + 8 + (-18 - -10)?
-18
51 + -6 + -56 + (1 - 1 - 23)
-34
Evaluate (-9 - -5) + 75 - 39 - 51.
-19
What is -86 - (-15 - 32) - 5?
-44
Calculate -12 + (48 - 1) + -46.
-11
(106 - -5 - 19) + -31 + (2 - -1)
64
Calculate 9 + (0 - (13 - (-13 - (-3 + -19))) - 102).
-97
What is 1 + 17 - (-7 - -1 - (252 + -254))?
22
Calculate (40 - 4) + 10 + -8 + 23 + 1.
62
Evaluate 20 + 51 - 58 - 32.
-19
Calculate -13 - (-29 + -10 + 7 - -59).
-40
Evaluate -915 - -980 - (-7 + (6 - 2 - 4) + -2).
74
What is 266 + -195 + -51 + (-14 - 1) + 1?
6
What is the value of -2987 + 2939 + (-22 - -5)?
-65
What is the value of -3 + 74 + -6 + 16 + 4 + -33?
52
Calculate (157 - 101) + (0 - -7 - (-28 + 31)).
60
Evaluate (14 + -26 - -5 - (6 + -12 + 12)) + -122.
-135
Evaluate -7 - (-13 + 6 + (-10 - -3)) - 22.
-15
Evaluate 3 + (1 - 2) + (-49 - -35) + -23.
-35
Evaluate (-2 - 1) + (19 + (3 + 4 - 11) - 1).
11
What is the value of (3 - (43 + -57)) + (-1 + 0 - 2)?
14
What is -19 + (-9 - ((-7 - -6) + -16))?
-11
Evaluate (-25 - 141 - -61) + 50.
-55
What is 1 + -15 + (25 - (59 - 36)) - (21 - 14)?
-19
Calculate 6 - ((3 - 21) + 30 + -47).
41
Evaluate (18 + 5 + -12 + -65 - -9) + -6 - 12.
-63
What is the value of 27 + (13 - 1) + (10 - -41 - 83) + 6?
13
Calculate -2038 + 2057 + (5 - (2 + -2) - -2) - -10.
36
What is 94 + -52 + -25 + -1?
16
Calculate 8 + (-11 - (6 + 8 + -10 + -1)) + 29.
23
Evaluate -7 - ((5 - 7) + 0 + (-8 - -18) + 10).
-25
Calculate -41 + (10 + -14 - 3) + 11 + -8.
-45
What is the value of 70 + 11 + -69 + -128?
-116
Evaluate 8 - (3 + -3) - (14 + (0 - 4)).
-2
What is -6 + (4 - -7) - -8 - -1 - (59 - 51)?
6
What is the value of 41 - (109 - -19) - -55?
-32
What is the value of 25 + 52 + -55 + -38?
-16
Evaluate 13 + -22 - ((78 - 76) + 1 + -26).
14
-10 + 3 + (-79 - -85) + 1 + -4
-4
-538 + 472 - (9 + -93)
18
What is -1 + 17 + (143 - 127) - (2 + -11)?
41
(2 - 16) + -17 + 24 + -15 + -8
-30
Calculate (9 + 3 - 1 - 1 - 9) + 6.
7
What is -84 + (-5 - -82) + -48?
-55
35 + -38 + -1 - (-1 + 5 - (1 - 53))
-60
What is -4 + -3 + 5 - ((25 - 17) + 26)?
-36
What is the value of -3 + -3 + -86 + 2788 + -2825?
-129
What is the value of -35 + (-8 - (48 + -21 + -23))?
-47
What is the value of (13 - (-12 + -41)) + (-12 - (12 - 6) - -8)?
56
What is 118 + -67 - -118 - 70?
99
What is -53 + -58 + 72 + -50?
-89
(4 - 2 - 3) + (8333 - 8453)
-121
What is the value of 2 + 1 + 44 + 5408 + -5439?
16
What is (49 - (33 - -70)) + 69?
15
What is the value of -7 + -15 + -14 - (-27 + 13 - -3)?
-25
What is the value of -15 + 8 - (-5 + (-10 + -15 - -13))?
10
-7 - (12 + -16 - 33) - -86
116
Calculate (-112 - -32) + 82 + (2 - 30).
-26
Evaluate 95 - (78 - (90 - 67)).
40
(-9 - 1) + (120 - 100) + -49 + 0 - 10
-49
-218 - (-128 + -60) - (1 - 70)
39
Calculate 47 + 1 - (-5 + 144 + -17).
-74
What is the value of (1867 - 1891) + 88 + -3?
61
Calculate (-246 + 218 - (-18 + 2)) + -3.
-15
What is the value of -24 + 0 - -4 - (153 - 188)?
15
Evaluate (20 - (0 + 12) - 62) + (-1 - (13 + -6)).
-62
What is (-89 + 16 + 73 - (-2 - 8)) + 0 + -25?
-15
Evaluate 56 - (30 - 29) - -4 - (4 + -3).
58
Evaluate (-34 + 90 + 7 - 27) + -135.
-99
Calculate -5 - -1 - (-72 + 79 + -4 + -1).
-6
What is (-33 - 1 - 0) + (-113 - -149) + -29?
-27
178 + -202 - (38 + 19)
-81
14 + 7 + 16 + -6 + -16 - (-2 - 1)
18
-170 - -148 - 30 - 43
-95
Calculate (-11 - -25 - 21) + -77 + 6 + 18.
-60
Calculate -49 + (-60 - (-139 - -53)) + 123 + 1.
101
What is -11 - (-8 + (8 - 6)) - (-32 - (-5 - 1))?
21
148 - ((66 - -32) + -26)
76
Evaluate (-34 - -14) + 20 + -36 + 26.
-10
Evaluate (-18 - -41) + -22 + 1 + 3 - (2 - 71).
74
What is the value of 53 + 14 + -39 + -63?
-35
(4 - 6) + 9 + -2 + -3 + 1 + -27
-24
What is the value of (44 - 23) + -2 - (11 - -27)?
-19
Evaluate (22 - 11) + -6 + -29 - (2 + 6) - -1.
-31
What is -15 - -22 - -51 - 20?
38
Evaluate 7 + (-41 - -7) - (-45 + 10).
8
What is the value of